9
What is the highest common factor of 22 and 385?
11
Calculate the highest common divisor of 5 and 1345.
5
What is the highest common factor of 420 and 4060?
140
Calculate the highest common divisor of 113 and 13786.
113
What is the greatest common factor of 861 and 1050?
21
Calculate the greatest common factor of 605 and 44.
11
Calculate the greatest common factor of 82 and 20992.
82
What is the highest common factor of 72 and 1044?
36
What is the highest common factor of 25 and 100675?
25
What is the highest common divisor of 346 and 2?
2
What is the greatest common factor of 62 and 7006?
62
Calculate the highest common factor of 32 and 808.
8
What is the highest common divisor of 2014 and 152?
38
Calculate the greatest common divisor of 9 and 387.
9
What is the greatest common divisor of 348 and 1524?
12
Calculate the greatest common divisor of 1127 and 77.
7
What is the greatest common divisor of 58 and 174?
58
Calculate the highest common divisor of 558 and 6231.
93
What is the highest common divisor of 64 and 8?
8
What is the greatest common divisor of 275 and 225?
25
What is the greatest common factor of 266 and 380?
38
Calculate the highest common divisor of 1143 and 81.
9
What is the highest common divisor of 12 and 768?
12
Calculate the highest common divisor of 43 and 9718.
43
Calculate the greatest common factor of 450 and 522.
18
What is the greatest common divisor of 306 and 17?
17
What is the highest common factor of 16 and 16?
16
What is the highest common factor of 27 and 81?
27
What is the greatest common divisor of 80 and 5260?
20
Calculate the highest common factor of 441 and 126.
63
What is the highest common divisor of 9072 and 168?
168
Calculate the greatest common factor of 210 and 180.
30
Calculate the highest common factor of 823 and 4.
1
What is the highest common factor of 16 and 24?
8
Calculate the highest common factor of 5913 and 18.
9
Calculate the greatest common factor of 2366 and 14.
14
Calculate the greatest common divisor of 1396 and 6.
2
What is the highest common factor of 2673 and 110?
11
Calculate the highest common divisor of 72 and 1098.
18
Calculate the greatest common divisor of 546 and 28.
14
Calculate the highest common factor of 10100 and 75.
25
Calculate the highest common divisor of 350 and 14.
14
Calculate the greatest common factor of 19 and 38.
19
What is the greatest common factor of 182 and 572?
26
Calculate the greatest common factor of 9 and 183.
3
Calculate the highest common factor of 35 and 91.
7
Calculate the greatest common factor of 108 and 26406.
54
What is the highest common factor of 119 and 2941?
17
Calculate the greatest common divisor of 12 and 96.
12
What is the greatest common factor of 1639 and 11?
11
Calculate the highest common factor of 390 and 30.
30
Calculate the greatest common factor of 7 and 91.
7
What is the greatest common divisor of 110 and 30?
10
What is the greatest common factor of 8082 and 144?
18
What is the highest common divisor of 2176 and 476?
68
What is the highest common factor of 82751 and 83?
83
Calculate the highest common divisor of 4511 and 52.
13
Calculate the greatest common factor of 21 and 21.
21
Calculate the greatest common factor of 2100 and 192.
12
Calculate the greatest common divisor of 18 and 36504.
18
What is the greatest common factor of 13 and 31954?
13
Calculate the highest common divisor of 173 and 692.
173
What is the highest common divisor of 5007 and 3?
3
Calculate the highest common factor of 3222 and 18.
18
Calculate the highest common divisor of 2519 and 1145.
229
Calculate the greatest common divisor of 22011 and 58.
29
What is the highest common factor of 2944 and 322?
46
Calculate the highest common factor of 22712 and 68.
68
Calculate the greatest common factor of 77 and 66.
11
What is the highest common factor of 4500 and 360?
180
Calculate the greatest common divisor of 15 and 15.
15
What is the greatest common factor of 135 and 195?
15
What is the greatest common factor of 48 and 4182?
6
What is the greatest common divisor of 1055 and 422?
211
What is the highest common divisor of 132 and 8?
4
Calculate the highest common factor of 81 and 3159.
81
Calculate the greatest common divisor of 30 and 645.
15
Calculate the greatest common factor of 221 and 39.
13
What is the greatest common factor of 230 and 10?
10
Calculate the highest common factor of 74400 and 25.
25
Calculate the greatest common divisor of 19 and 27.
1
What is the highest common factor of 1020 and 6?
6
What is the highest common factor of 66 and 3498?
66
What is the greatest common factor of 17187 and 255?
51
What is the highest common divisor of 16 and 368?
16
What is the greatest common divisor of 1391 and 107?
107
Calculate the greatest common divisor of 429 and 195.
39
What is the highest common divisor of 52 and 15496?
52
Calculate the highest common divisor of 24511 and 254.
127
What is the greatest common factor of 75 and 160?
5
What is the greatest common factor of 184 and 2461?
23
Calculate the greatest common divisor of 969 and 57.
57
What is the highest common divisor of 38403 and 153?
153
Calculate the greatest common factor of 2 and 13.
1
Calculate the greatest common divisor of 7 and 91.
7
What is the greatest common factor of 14 and 206?
2
What is the highest common factor of 1232 and 198?
22
What is the greatest common factor of 2875 and 625?
125
Calculate the greatest common factor of 783 and 864.
27
Calculate the highest common divisor of 21 and 133.
7
What is the highest common factor of 42 and 812?
14
What is the greatest common factor of 179 and 1969?
179
Calculate the greatest common divisor of 103140 and 540.
540
Calculate the greatest common factor of 294 and 84.
42
What is the greatest common divisor of 205 and 533?
41
Calculate the greatest common divisor of 322 and 1204.
14
Calculate the highest common factor of 2010 and 45.
15
Calculate the greatest common divisor of 16 and 128.
16
What is the highest common factor of 366 and 1586?
122
What is the greatest common divisor of 3107 and 52?
13
What is the highest common divisor of 13 and 2587?
13
What is the greatest common factor of 41 and 3239?
41
Calculate the greatest common factor of 876 and 4161.
219
What is the greatest common factor of 11 and 88?
11
Calculate the highest common divisor of 16 and 1532.
4
What is the greatest common factor of 1140 and 60?
60
Calculate the highest common divisor of 1516 and 20.
4
What is the greatest common divisor of 101577 and 147?
147
Calculate the highest common divisor of 6351 and 438.
219
Calculate the greatest common divisor of 100 and 240.
20
Calculate the highest common factor of 753 and 10291.
251
Calculate the greatest common divisor of 966 and 24.
6
What is the greatest common divisor of 1992 and 96?
24
Calculate the greatest common divisor of 3720 and 200.
40
What is the highest common divisor of 70 and 90?
10
Calculate the greatest common divisor of 33 and 177.
3
What is the highest common factor of 473 and 11?
11
What is the greatest common factor of 1071 and 63?
63
What is the highest common divisor of 3975 and 270?
15
What is the highest common factor of 133 and 95?
19
What is the greatest common divisor of 183 and 63?
3
What is the greatest common divisor of 20 and 405?
5
What is the highest common divisor of 612 and 38862?
306
What is the greatest common factor of 64 and 32?
32
What is the greatest common divisor of 49768 and 8?
8
Calculate the greatest common divisor of 572 and 1188.
44
What is the greatest common factor of 2075 and 25?
25
What is the highest common divisor of 282 and 12?
6
Calculate the highest common divisor of 950 and 608.
38
What is the highest common factor of 140 and 196?
28
What is the highest common divisor of 833 and 4879?
119
Calculate the highest common factor of 140 and 120.
20
Calculate the highest common divisor of 33726 and 6.
6
Calculate the highest common divisor of 400 and 230.
10
Calculate the greatest common divisor of 125 and 25.
25
Calculate the highest common divisor of 62 and 4.
2
Calculate the highest common factor of 47 and 1081.
47
Calculate the highest common divisor of 540 and 621.
27
What is the highest common factor of 150 and 50?
50
Calculate the highest common factor 